late the remainder when 163 is divided by 14.
9
Calculate the remainder when 139 is divided by 11.
7
Calculate the remainder when 1309 is divided by 188.
181
Calculate the remainder when 71 is divided by 29.
13
What is the remainder when 152 is divided by 14?
12
What is the remainder when 180 is divided by 95?
85
What is the remainder when 209 is divided by 68?
5
Calculate the remainder when 1182 is divided by 132.
126
Calculate the remainder when 1157 is divided by 3.
2
What is the remainder when 171 is divided by 21?
3
What is the remainder when 23 is divided by 7?
2
Calculate the remainder when 112 is divided by 41.
30
Calculate the remainder when 84 is divided by 14.
0
What is the remainder when 890 is divided by 128?
122
What is the remainder when 863 is divided by 28?
23
What is the remainder when 299 is divided by 61?
55
What is the remainder when 1951 is divided by 31?
29
Calculate the remainder when 81 is divided by 32.
17
Calculate the remainder when 14 is divided by 6.
2
Calculate the remainder when 58 is divided by 7.
2
Calculate the remainder when 982 is divided by 141.
136
Calculate the remainder when 1307 is divided by 49.
33
What is the remainder when 6137 is divided by 25?
12
What is the remainder when 3320 is divided by 123?
122
What is the remainder when 1518 is divided by 503?
9
What is the remainder when 2018 is divided by 211?
119
Calculate the remainder when 482 is divided by 262.
220
What is the remainder when 69 is divided by 9?
6
What is the remainder when 81 is divided by 6?
3
What is the remainder when 452 is divided by 9?
2
Calculate the remainder when 966 is divided by 88.
86
Calculate the remainder when 10317 is divided by 17.
15
Calculate the remainder when 45 is divided by 18.
9
What is the remainder when 314 is divided by 25?
14
What is the remainder when 502 is divided by 56?
54
Calculate the remainder when 205 is divided by 10.
5
What is the remainder when 439 is divided by 88?
87
Calculate the remainder when 491 is divided by 193.
105
What is the remainder when 491 is divided by 6?
5
Calculate the remainder when 949 is divided by 80.
69
Calculate the remainder when 225 is divided by 84.
57
What is the remainder when 182 is divided by 27?
20
What is the remainder when 2291 is divided by 54?
23
Calculate the remainder when 6918 is divided by 59.
15
What is the remainder when 144 is divided by 29?
28
Calculate the remainder when 76 is divided by 11.
10
Calculate the remainder when 33 is divided by 11.
0
Calculate the remainder when 162 is divided by 41.
39
What is the remainder when 466 is divided by 26?
24
What is the remainder when 389 is divided by 192?
5
What is the remainder when 845 is divided by 88?
53
Calculate the remainder when 2616 is divided by 2606.
10
What is the remainder when 62308 is divided by 402?
400
Calculate the remainder when 61 is divided by 59.
2
Calculate the remainder when 133 is divided by 30.
13
What is the remainder when 347 is divided by 16?
11
What is the remainder when 122 is divided by 47?
28
What is the remainder when 35 is divided by 10?
5
Calculate the remainder when 405 is divided by 102.
99
What is the remainder when 101 is divided by 22?
13
Calculate the remainder when 506 is divided by 27.
20
What is the remainder when 53 is divided by 31?
22
What is the remainder when 3869 is divided by 32?
29
What is the remainder when 82 is divided by 40?
2
What is the remainder when 296 is divided by 33?
32
Calculate the remainder when 1107 is divided by 180.
27
What is the remainder when 103 is divided by 88?
15
What is the remainder when 119 is divided by 64?
55
Calculate the remainder when 45 is divided by 1.
0
What is the remainder when 80 is divided by 37?
6
Calculate the remainder when 464 is divided by 31.
30
What is the remainder when 411 is divided by 59?
57
Calculate the remainder when 206 is divided by 11.
8
What is the remainder when 92 is divided by 83?
9
Calculate the remainder when 359 is divided by 18.
17
Calculate the remainder when 1125 is divided by 47.
44
Calculate the remainder when 330 is divided by 57.
45
Calculate the remainder when 964 is divided by 242.
238
Calculate the remainder when 903 is divided by 178.
13
What is the remainder when 967 is divided by 88?
87
Calculate the remainder when 2038 is divided by 60.
58
What is the remainder when 79 is divided by 14?
9
What is the remainder when 349 is divided by 71?
65
Calculate the remainder when 115 is divided by 55.
5
Calculate the remainder when 219 is divided by 89.
41
What is the remainder when 147 is divided by 147?
0
What is the remainder when 103 is divided by 8?
7
What is the remainder when 18 is divided by 1?
0
What is the remainder when 1275 is divided by 9?
6
What is the remainder when 249 is divided by 42?
39
What is the remainder when 1663 is divided by 34?
31
What is the remainder when 151 is divided by 20?
11
What is the remainder when 63 is divided by 37?
26
What is the remainder when 158 is divided by 15?
8
Calculate the remainder when 174 is divided by 16.
14
Calculate the remainder when 224 is divided by 14.
0
What is the remainder when 219 is divided by 74?
71
What is the remainder when 446 is divided by 252?
194
Calculate the remainder when 867 is divided by 424.
19
Calculate the remainder when 1120 is divided by 75.
70
What is the remainder when 158 is divided by 40?
38
What is the remainder when 451 is divided by 72?
19
Calculate the remainder when 11928 is divided by 19.
15
What is the remainder when 19377 is divided by 285?
282
Calculate the remainder when 11 is divided by 9.
2
Calculate the remainder when 250 is divided by 42.
40
Calculate the remainder when 83 is divided by 37.
9
Calculate the remainder when 139 is divided by 81.
58
What is the remainder when 434 is divided by 77?
49
Calculate the remainder when 119 is divided by 23.
4
Calculate the remainder when 884 is divided by 417.
50
Calculate the remainder when 1851 is divided by 17.
15
What is the remainder when 1558 is divided by 777?
4
Calculate the remainder when 12 is divided by 7.
5
Calculate the remainder when 3981 is divided by 16.
13
Calculate the remainder when 206 is divided by 47.
18
Calculate the remainder when 230 is divided by 4.
2
Calculate the remainder when 357 is divided by 334.
23
What is the remainder when 69 is divided by 14?
13
What is the remainder when 6151 is divided by 21?
19
What is the remainder when 44 is divided by 6?
2
Calculate the remainder when 138 is divided by 50.
38
What is the remainder when 48 is divided by 17?
14
Calculate the remainder when 575 is divided by 217.
141
Calculate the remainder when 3486 is divided by 11.
10
What is the remainder when 142 is divided by 24?
22
What is the remainder when 257 is divided by 5?
2
Calculate the remainder when 66 is divided by 18.
12
What is the remainder when 5724 is divided by 9?
0
Calculate the remainder when 1475 is divided by 87.
83
Calculate the remainder when 3895 is divided by 52.
47
Calculate the remainder when 686 is divided by 35.
21
Calculate the remainder when 180 is divided by 9.
0
Calculate the remainder when 3448 is divided by 46.
44
Calculate the remainder when 4095 is divided by 216.
207
Calculate the remainder when 1758 is divided by 44.
42
What is the remainder when 25 is divided by 18?
7
Calculate the remainder when 3379 is divided by 308.
299
Calculate the remainder when 783 is divided by 38.
23
Calculate the remainder when 377 is divided by 96.
89
What is the remainder when 679 is divided by 220?
19
What is the remainder when 18503 is divided by 8?
7
What is the remainder when 5939 is divided by 8?
3
What is the remainder when 111 is divided by 29?
24
Calculate the remainder when 501 is divided by 127.
120
Calculate the remainder when 1093 is divided by 271.
9
Calculate the remainder when 224 is divided by 45.
44
Calculate the remainder when 293 is divided by 23.
17
What is the remainder when 1677 is divided by 16?
13
Calculate the remainder when 3065 is divided by 64.
57
What is the remainder when 41 is divided by 13?
2
What is the remainder when 1554 is divided by 20?
14
What is the remainder when 63 is divided by 26?
11
What is the remainder when 156 is divided by 44?
24
What is the remainder when 420 is divided b